n) = -d(n) + 4*p(n). Suppose -2 = 2*x + 14. Calculate r(x).
3
Let q(h) = -h**3 - 9*h**2 - h - 13. Let d be q(-9). Let s = 6 + d. Let x(o) = 0 + 5*o + 0*o + 5 - s*o. Give x(-5).
-10
Let c(v) = v**2 - 4*v + 2. Let f(x) = -x**2 + 2*x + 24. Let m be f(-4). Suppose h - 5*y - 27 = -m*h, -3*y - 9 = 3*h. Give c(h).
-2
Let i(a) = a**2 - 6*a + 6. Let c(r) = 7*r + 18. Let m be c(-2). Calculate i(m).
-2
Let n(u) = u**2 - 1. Let o = -84 + 83. Let k(g) = -2*g. Let t be k(o). What is n(t)?
3
Let l(a) = -5*a - 1412*a**2 + 1413*a**2 - 1 + 2*a**3 + 5*a. Suppose m + 0 = -1. Determine l(m).
-2
Suppose 8*j = 11 - 3. Suppose 0*l + 48 = -2*l. Let o be (6/l)/(j/4). Let z(a) = 9*a. Determine z(o).
-9
Let r(w) be the second derivative of -w**4/12 + w**3 + 7*w**2/2 + 286*w. Calculate r(9).
-20
Let v be 114/95*-5*(-1)/(-2). Let d(m) be the second derivative of -3/2*m**2 - 1/4*m**4 - m - 2/3*m**3 + 0. Calculate d(v).
-18
Let f = 33 + -28. Suppose -d + 3*d = 0, -3*d + 6 = 3*b. Let q(l) = b*l + 1 + 1 - f*l**2 + l**3 - 9*l. Determine q(6).
-4
Suppose 2*l = 6*l - 28. Suppose -n + l = 1. Let m(t) = 1 - 2*t + 3 + 0*t. Give m(n).
-8
Let d(o) = -o**2 + 11*o + 15. Let w be d(12). Let f(r) = -r - 2. Calculate f(w).
-5
Suppose 0*p - 1 = -p. Let s(d) = 7*d**3 + d**2 - 2*d + 1. Calculate s(p).
7
Let f(u) = u**2 + u - 1. Let b be f(2). Let s(n) be the second derivative of -n**3/3 + 5*n**2/2 + 2*n. Calculate s(b).
-5
Let f(g) = g**3 - 5*g**2 - 6*g. Let a(t) = -3*t - 28. Let y be a(-12). Suppose y*q + 6 - 54 = 0. Determine f(q).
0
Let b(j) = 5 - 17 - 11*j + 0*j + 7 - j**2 - 19. Determine b(-6).
6
Let f(v) = 8*v**2 - 15*v + 20. Let l(n) = n**2 - 2*n + 3. Let u(c) = -2*f(c) + 14*l(c). Determine u(2).
-2
Let o(j) be the second derivative of -j**6/120 + j**5/30 - j**4/24 + j**3/6 + 7*j**2 - 5*j. Let i(y) be the first derivative of o(y). Calculate i(2).
-1
Let y(u) = u. Let z(o) = -3*o**2 + o - 11. Let n(p) = y(p) + z(p). Let v(q) = -q**2 + q - 5. Let t(a) = 6*n(a) - 13*v(a). Calculate t(-1).
-5
Let o = -13 - -12. Let y be -5 - -4 - (o + 1). Let r(b) = -5*b**3 + 3*b**2 + 2*b - 3. Let h(p) = p**2 + p - 1. Let l(v) = -2*h(v) + r(v). Calculate l(y).
5
Let u(o) = -o**3 + 10*o**2 - 23*o + 22. Let x be u(7). Let j(k) = k**2 - 8*k + 2. Give j(x).
2
Let q(n) = 19*n + 2*n - 2*n**3 - 11*n - 11*n + 2. Let a be 8/12 + 16/(-6). Determine q(a).
20
Let s(d) = -d + 0*d - 2*d + 1 - d. Let g be (-15)/13 - (-4)/26. What is s(g)?
5
Suppose -5*l + o = -7, -3*o - 1 = l - 6*l. Suppose l*d - 6 = -2. Let s(q) = 3*q - 6 + 4*q + 7*q**3 - 6*q**3 - 7*q**d. Calculate s(6).
0
Let c be (-7 - -2)/5*0. Let p(y) = -y**2 - y. Let t(h) = 7*h**2 + 6*h + 7. Let d(b) = 6*p(b) + t(b). What is d(c)?
7
Let r(n) = -n - 9. Let k be r(-9). Let d(f) be the first derivative of -f**3/3 + 23*f - 4. Give d(k).
23
Let b(u) = u + 18. Let r(l) = 3*l + 58. Let n(z) = -7*b(z) + 2*r(z). Determine n(-10).
0
Let i be (2 - -1)/(6/4). Let x(v) = v**i - 2 - 4*v + v - 7*v - 4*v. Let f be x(14). Let c(t) = t**3 - 2*t. Give c(f).
-4
Let y(k) = -6*k - 7. Let a(d) = -2*d - 2. Let c(r) = 8*a(r) - 3*y(r). Suppose -16*j - 27 + 91 = 0. Calculate c(j).
13
Suppose -44 = 4*h - 24. Let d(m) = -m - 5. What is d(h)?
0
Let b be 3 + ((-54)/(-8))/((-6)/(-16)). Let t(n) = -2*n**2 + n**2 - b + 5*n**2 - n**3 + 25. Determine t(5).
-21
Let u(x) = -54 + 102 - 49. Let g(m) = m**2 + 8*m + 2. Let z(a) = g(a) - 5*u(a). Give z(-7).
0
Let m(f) = 8*f - 3*f - f**2 - 1 - 1. Let i = -89 + 113. Let h be (i/20)/((-2)/(-10)). Give m(h).
-8
Let g be -3*(-216)/243*((-5)/2 + 1). Let o(h) = -1. Let p(f) = -f + 1. Let k(t) = -6*o(t) - p(t). Calculate k(g).
1
Let b(f) = 184*f + 0 + 27 + 8 - 210*f + 11. Calculate b(2).
-6
Let d(v) = 2*v + 31. Let k(a) = 4*a**3 - a**2 - 3*a - 2. Let c be k(-1). Let q(n) = n + 16. Let z(t) = c*d(t) + 7*q(t). What is z(9)?
-21
Let f(o) be the second derivative of -o**5/20 - 13*o**4/12 - 2*o**3 + 5*o**2/2 - 2*o - 31. Give f(-12).
5
Let g(n) be the third derivative of -n**5/20 - n**4/24 + 478*n**2. Let u(b) = -b - 4. Let q be u(-3). Determine g(q).
-2
Let c(b) = b**3 - 4*b**2 + b + 1. Let i = -30 + 33. Suppose i*f - 4 - 5 = 0. Give c(f).
-5
Let i be (390/33 - 3) + (-2)/(-11). Let r(q) = -4*q**2 - 5 + 0 + i*q + q**3 - 10*q. What is r(4)?
-9
Let k(o) = o**2 + 2*o + 5099 - 5090 - 2*o**2. Give k(5).
-6
Let y = 3 - -1. Suppose 0 = -2*o - 4*l - 0*l + y, -5*l + 8 = 3*o. Let j(s) = s - 6. Determine j(o).
0
Let p be 6/9*-3 + 2. Let d(x) = p - x + 7 - 1. Let y = 7 + -1. Determine d(y).
0
Let k be ((-12)/(-24) + 36/8)*(-4)/5. Let h = 0 + 0. Let g(v) = -1 - v + h + 0. Calculate g(k).
3
Let d(c) be the first derivative of -c**3/3 + c**2 + 19*c - 6. Give d(6).
-5
Let p = -11 + 6. Let g(u) be the third derivative of -1/12*u**4 - 7/6*u**3 - 1/12*u**5 + 0 + 0*u - 68*u**2 - 1/120*u**6. Give g(p).
3
Let s be ((-3)/2)/(-3)*(2 + 2). Suppose -q = -2*o - 6*q + 15, -o - 6 = -s*q. Let w(k) = -k - 2. Calculate w(o).
-2
Let l(b) = -b**3 - b**2 - 1. Let i = -146 + 143. Give l(i).
17
Let w be (-21)/(-6) - (-6)/4. Let b = 5 - w. Let n(u) = 2*u. Let l(c) = -5*c + 7. Let g(q) = l(q) + 2*n(q). Give g(b).
7
Let v(j) = -6*j**3 - j**2 + j - 1. Let w = -43 - -28. Let a be (w/6)/(-5)*1*2. What is v(a)?
-7
Let k(b) be the first derivative of b**3/3 + b**2 + 23*b - 6. Let i(f) be the first derivative of k(f). What is i(-3)?
-4
Let p(v) = 125*v**3 + 8*v - 2*v + 123*v**3 + 15*v + 22*v**2 - 247*v**3. Calculate p(-21).
0
Let w(i) = -i**3 - i**2 + i + 2. Suppose 3*z + 15 = 0, 4*h - 2*z - 3*z = 1. Let v be 3/h - 3/(-6). Determine w(v).
2
Let u(v) be the first derivative of 3*v**2 - 3*v + 4. Suppose 6*a - 56 = -2. Let o(y) = -13*y + 7. Let h(w) = a*u(w) + 4*o(w). What is h(1)?
3
Let s(r) be the first derivative of r**5/60 + 7*r**4/24 + 13*r**2 - 10. Let n(v) be the second derivative of s(v). What is n(-6)?
-6
Let z(p) = p**3 + p**2 - p - 5. Suppose 88*y - 86*y + 4 = -5*s, 0 = 2*s + y + 2. Give z(s).
-5
Let v(l) = -3*l**2 - 6*l + 2*l**2 - 10 - 2*l. Let y(t) = t**3 - 8*t**2 + 5*t + 34. Let g be y(6). Calculate v(g).
-10
Let c(o) = 3*o**3 + 15*o**2 + 2. Let z(l) = 7*l**3 + 33*l**2 + 4. Let u(w) = -9*c(w) + 4*z(w). Let y be (3/5)/((-4)/(-20)). Calculate u(y).
-2
Let p(c) = -c**3 - 6*c**2 - 5*c + 2. Let n(u) = u**2 - 52*u - 484. Let q be n(-8). Calculate p(q).
-10
Let v(x) = 2*x - 7. Let b(r) = r**2 + 18*r + 71. Let n be b(-11). Determine v(n).
-19
Let c(v) = 2*v**3 + 3*v + 2. Let l(t) = -3*t + 9. Let j be l(4). Let n be (-8)/2 - (-5 + 6 + j). Determine c(n).
-20
Let y(x) = x**3 + 5*x**2 - x - 6. Suppose 5*l - 29 = 2*p, -2*l = 5*p - 3*p - 6. Let w(k) = k**2 - 5*k - 5. Let m be w(l). What is y(m)?
-1
Let x(i) be the second derivative of 7*i**5/20 - i**4/6 + i**2/2 - i. Suppose c = -2*m + 3, 2*c + m = -m + 8. Suppose 8*h - c*h = -3. Calculate x(h).
-8
Let b = -21 + 20. Let a = b - -1. Let p(n) = n**3 + n**2 + n - 1. Determine p(a).
-1
Let t(f) = -f**2 + 4*f - 2. Suppose m = -4 + 2. Let i be (m/(-6))/((-3)/(-63)). Let c = 12 - i. Give t(c).
-7
Suppose 0*z + 3*z = 9. Let x(r) be the second derivative of 0 - 8*r - 3/2*r**2 + 1/6*r**3. Calculate x(z).
0
Let b(g) be the third derivative of g**4/12 + 10*g**3/3 - 68*g**2. What is b(-10)?
0
Let l(k) = -2*k**3 - k - 9. Let b(x) = -x**3 - 4. Let p(s) = -7*b(s) + 3*l(s). Let g = -13 - -13. Suppose g = 9*q - 10*q + 2. Determine p(q).
3
Suppose -3*b = -k - 1, -3*k + 5*b - 6*b + 7 = 0. Let i(o) = -13*o + 2. Give i(k).
-24
Let l(x) = -x**2 - 3*x + 5. Let c(p) = -p**2 + p + 3. Let w be c(3). Suppose m = 2*k - 5, -5*k - 8 = 3*m - 26. Let s be k + (-11 - w - 1). Calculate l(s).
-13
Let r(g) = g**3 - g**2 - 2. Suppose 2*y + 3*h + 3 = y, 0 = -2*y + 2*h + 2. Let f be (-2)/3*(-3 + y). Calculate r(f).
2
Let t(a) = a**3 + 3*a**2 - 5*a + 2. Suppose 0 = 2*y - 7*y - 445. Let o be (-2)/(-12) - y/6. Let r be (6/4)/(o/(-40)). Calculate t(r).
6
Suppose 2 = 2*b - 2*i, b + 7 = -0*b + 5*i. Suppose -3*v = 6, b*v + 18 = -0*n + 2*n. Let r be (3/n)/((-6)/(-60)). Let x(o) = o**2 - 4*o - 1. Determine x(r).
4
Let h = -133 - -135. Let y(c) = -175*c - 10 + 174*c + h. Determine y(7).
-15
Suppose -6 = -6*h + 3*h. Suppose h*p + 0*p = -5*o - 10, -o - 2 = 4*p. Let g(w) = 3*w**3 + 0*w**3 - 4*w**3 - w - 2*w**2. Calculate g(o).
2
Let y(v) = v**2 + 6*v + 1. Let o be y(-6). Let m(w) be the second derivative of w**5/5 